Let l(r) = -837*r + 411*r - 6*r**2 + 8 + r**3 + 415*r. Determine l(7).
-20
Suppose 0*a = -2*o + 2*a - 8, 0 = a - 5. Let m(i) = 21*i**3 + 5*i - 11. Let d(q) = -4*q**3 - q + 2. Let t(p) = -11*d(p) - 2*m(p). Determine t(o).
3
Suppose 0 = -5*x + 2 + 13. Let i(j) be the first derivative of 2/3*j**3 - j + 2 - 2*j**2. What is i(x)?
5
Let g = 247 - 236. Let n(x) = -x + 4. Calculate n(g).
-7
Let n(o) = -15*o - 5. Let x(j) = j**3 + 23*j**2 + 9*j + 204. Let d be x(-23). Determine n(d).
40
Let m(n) = -2 - 3*n + 6 - 2. Suppose 7*l + 40 = 3*l. Let h = l + 12. Determine m(h).
-4
Let z be 153/6 + 12/8. Suppose 0 = 5*n + 2*q + 48, -3*n - q - z = 2*q. Let i(d) = d**3 + 11*d**2 + 10*d - 4. Determine i(n).
-4
Let l(m) = -3 + 5 - 6*m - 1 + 1. Let h(v) = -5*v + 1. Let d(r) = 4*h(r) - 3*l(r). Give d(-3).
4
Let w(l) = 30*l**3 - 3*l**3 - 838 + 837. What is w(1)?
26
Let w(k) = 2*k + 1. Let r(f) = -6*f - 4. Let d(h) = -6*r(h) - 17*w(h). Suppose -i + 3*s - 77 = 4*i, -3*i = 4*s + 52. Let x be 8/i + 9/(-2). What is d(x)?
-3
Let c(x) = 1175*x - 1172*x - 5 - 11. What is c(6)?
2
Let s(h) = -h - 7. Suppose -l = -2 - 10. Suppose -5*w + l*w = -35. Calculate s(w).
-2
Let g(o) = 9*o**3 + 0 - 9*o**2 + 1 - 8*o**3. Let f(y) = y**2 + 7*y + 1. Let b be f(-8). Give g(b).
1
Suppose 3*l = l + 3*l. Let q be (l + 1 + 2)*(1 + 0). Let a(o) = o**3 - 3*o**2 - 3*o + 1. Determine a(q).
-8
Let c(l) = l**3 + 6*l**2 + 6*l + 1. Suppose b - 9 = -k, 2*b - 17 = -4*k + 11. Suppose -5*i + 12 = -b*p - 4, 20 = -5*p + i. What is c(p)?
9
Let s(b) = -12*b + 89. Let i be -7 + 0 + (-2 - -16). Give s(i).
5
Suppose 2*w + 3 = w. Let p(s) be the first derivative of s**4/4 + s**3 + s**2 + 2*s + 7. What is p(w)?
-4
Let p be 8/(-3)*30/(-8). Suppose p = -3*h + 25. Let x(a) = a**2 - 8 + 6 + 6*a - h - 1. Give x(-7).
-1
Let f be ((-16)/(-80))/(2/(-10)). Let t(m) = -9*m**2 + m + 1. Give t(f).
-9
Let p(l) = -l**3 - 2*l**2 + 2*l. Let n be 2/(-9) - 336/(-54). Let f = -6 - -6. Suppose -2*y + f = n. Calculate p(y).
3
Let d(q) = -7*q + 4. Let n(c) = c**3 - 7*c**2 + 8*c - 6. Suppose -30 = -3*w - 2*w. Let i be n(w). Let r(t) = -8*t + 5. Let v(p) = i*r(p) - 7*d(p). Give v(-2).
0
Let m(p) = -p**2 - 5*p. Let i(b) = b**3 - b**2 - 1. Let a(n) = -5*n**3 + 11*n**2 + 3. Let k(s) = a(s) + 4*i(s). Let l be k(3). Let o = 31 - l. Give m(o).
4
Let g(o) = 1 + 7*o**2 - 80*o - 6 + 2*o**3 + 156*o + 1 - 79*o. Give g(-4).
-8
Let a(o) be the third derivative of 11*o**5/30 + o**3/6 + 11*o**2 - 3*o. Calculate a(-1).
23
Let a be 148/52 + 12/78. Suppose -3*c - 18 = a*z - 2*z, -24 = 4*c - z. Let i(d) = -d**2 - 6*d + 8. Calculate i(c).
8
Let w = -7 + 15. Let r(n) = w*n**2 - 4 - 3*n**2 + 7*n - 2*n**3 + 4*n**2 + 3*n**3. Give r(-8).
4
Let i be -10 + 2*135/10. Let g(d) = -d**3 + 17*d**2 + 3*d - 56. What is g(i)?
-5
Let h(y) = -y**2 - 4*y + 9. Suppose w + 21 = 5*s, w + 6*s = s + 9. What is h(w)?
-3
Let g(n) = 4*n**2 - 2*n**3 - n**3 + 3*n**2 + 4*n**3 + 5*n. Let v be g(-6). Let y(h) = -h - h + h + h**2 - v*h. Give y(6).
-6
Let m(o) be the second derivative of 0 + 1/6*o**3 - 39*o + 2*o**2. Let k(b) = -3*b**3 + b**2. Let h be k(-1). What is m(h)?
8
Let q be 132/(-143)*(-91)/(-14). Let c(x) = -2*x**2 - 4*x - 3. Calculate c(q).
-51
Suppose 1 = 2*d - 9, 30 = 2*g + 4*d. Let h(u) = -g*u - u**2 + 4*u + 0*u - 2. Let i be 10 - (10 - (7 - 7)). What is h(i)?
-2
Suppose -12*z = -11*z + 4*k - 19, -13 = -3*z - k. Let p(x) be the first derivative of -1/4*x**4 - 4/3*x**z + 0*x**2 - 3*x - 6. Determine p(-4).
-3
Let w(c) = -3*c - 69. Let a(b) = -b - 32. Let m(l) = 9*a(l) - 4*w(l). What is m(9)?
15
Let f = -308 - -295. Let i(x) = x**3 + 12*x**2 - 11*x + 23. Give i(f).
-3
Let p(f) = -f**2 - 3*f - 1. Let j(h) = -10*h + 16. Let c be j(2). Give p(c).
-5
Let l(k) = -k - 12. Suppose -17*h - 4*r - 6 = -15*h, 5*h + 24 = -r. Give l(h).
-7
Let j = 419 - 424. Let l(k) = 7*k + 3. Give l(j).
-32
Let u(a) be the third derivative of a**6/720 + a**4/6 + a**2. Let o(g) be the second derivative of u(g). Let v be (4/12)/(1/(-3)). Determine o(v).
-1
Let h(i) = -i**2 + 7*i + 7. Let c be h(7). Let q = -10 - -15. Let j = q - c. Let d(x) = -2*x**2 - 2*x + 2. Calculate d(j).
-2
Let l(c) = c**3 + 0*c**3 - 15 - 18814*c + 18799*c + 14*c**2. What is l(-15)?
-15
Suppose 4*d + 2 + 6 = 0. Let q(m) = -m**2 - 5*m - 9. Let r(z) = -z**2 - 3*z - 6. Let x(k) = 3*q(k) - 4*r(k). Calculate x(d).
7
Let h = -583 + 576. Let r(i) = i**2 + 7*i + 2. What is r(h)?
2
Let r(d) = -d**3 + 5*d**2 + 7*d - 14. Let j(o) = 27*o + 60. Let y be j(-2). Determine r(y).
-8
Let m(y) = 57*y**3 - 4 - 30*y**3 + 5*y**2 - 36*y**3. Let g(f) = 3*f**2 - 9*f**3 + 2 - 5 + f**2. Let p(x) = 5*g(x) - 4*m(x). What is p(-1)?
10
Let d be -9 - 9/(9/(-5)). Suppose 0 = 2*x - 6 + 2. Let b(y) = -x - 6*y - y**3 + 24*y**2 - 29*y**2 + y. Calculate b(d).
2
Let s(m) be the second derivative of 5*m**4/24 + m**3/3 - 2*m**2 - 3*m. Let z(k) be the first derivative of s(k). Suppose -u + 4*n = 6, 1 = 2*n - 1. Give z(u).
-8
Let x = -15 + 27. Let o(a) = a**3 - 10*a**2 - 24*a - 5. What is o(x)?
-5
Let h(y) = -y**3 - 5*y**2 + 5*y + 1. Let m(o) = -o**2 + 11*o + 1. Let w(l) = -h(l) + m(l). Give w(-5).
-55
Suppose 0 = -z - 2*i - 12, -2*z - i + 3*i = 12. Let c(r) = -r**2 - 12*r - 7. Give c(z).
25
Let l(n) be the third derivative of n**6/120 + n**5/30 + n**4/8 + n**3/6 + 12*n**2. Suppose 0 = -2*r + 70 - 74. Give l(r).
-5
Let r(i) = i**2 - 8*i + 6. Suppose -16 = 3*f - 73. Suppose -36 = 3*a + 3. Let k = a + f. Give r(k).
-6
Suppose -k + 14*k = 65. Let r be 6/3 - (k - 2). Let v(w) = w**2 + 2*w + 1. Determine v(r).
0
Suppose 4 + 18 = 5*v + k, 0 = -v - 4*k - 7. Let t(g) = -5*g**2 + 8*g + 6. Let d(f) = -6*f**2 + 9*f + 6. Let a(b) = -4*d(b) + 5*t(b). Calculate a(v).
1
Let j be 9 + 6 + 5 + -4. Let m(p) = p**2 - 17*p + 22. Determine m(j).
6
Let r be 468/68 + 4/34. Let p(j) = j**2 - 7*j + 1. Give p(r).
1
Let d(f) = -3 - 616*f**3 + 7 + 617*f**3 - 5*f**2. Give d(4).
-12
Suppose 0 = -a + 8*v - 3*v, 3*v - 2 = a. Let r(u) = -2*u - 4. Calculate r(a).
6
Let x(d) = 1 + 7*d - d**2 - 2*d**3 + d**3 + 8*d**2. Let t = 82 - 77. Suppose 2*f - 6 = 0, 6*b + t*f = 2*b + 47. What is x(b)?
-7
Let u be ((-12)/9)/((-6)/27). Let y(l) = -3*l - 6. Let r(w) = 2*w + 6. Let f(n) = -5*r(n) - 4*y(n). What is f(u)?
6
Let h(q) = q**2 - 4*q - 6. Let z(l) = -l + 1. Let f = -68 - -69. Let a(j) = f*h(j) + 2*z(j). Determine a(7).
3
Suppose -5*a + 24 = -61. Let y(i) = 0*i**3 - 3*i**2 + 5*i**3 + 18 - a + 2*i**2 - i. Calculate y(1).
4
Let r(p) = p - 8. Let s be r(13). Suppose 16 = k - s*u + 2, -2*k - 5*u = 2. Let v(q) = -1 - 2*q + 0*q + k + 0. What is v(5)?
-7
Let l be 16/(-10)*10/2. Let y(d) be the third derivative of d**5/60 + 5*d**4/24 - 2055*d**2. Calculate y(l).
24
Let w(g) be the third derivative of g**6/120 + g**5/60 - 2*g**3/3 + 18*g**2. Calculate w(0).
-4
Let r(d) = d - 1. Let o(h) = -3*h**2 - 8*h - 3. Let y(b) = -o(b) - r(b). Determine y(-4).
24
Let c(q) be the second derivative of q**4/12 + 5*q**3/6 - q**2 + 13*q + 2. Give c(3).
22
Suppose -21*n + 148 = 339 - 23. Let d(o) = 0*o + 0*o - o - 1. Determine d(n).
7
Suppose -5*b + 44 = -4*k, 5 = -5*k - 5*b - 5. Let d(w) = 2*w + 3. What is d(k)?
-9
Let n = -38 - -40. Let i(p) = n*p**2 + 17*p - 3*p**2 - 3 - 19*p. Calculate i(-3).
-6
Let a(h) = 8*h**2 - 5 + 5*h - 9*h**2 - 3*h. Let o = 19 + -6. Suppose -4*n + 3 = -o. Determine a(n).
-13
Let d(z) be the first derivative of -5*z**2/2 + 4*z + 3. Suppose 6 = m - 3*b, 3*m + 3*b - 9 + 3 = 0. Determine d(m).
-11
Let k(z) = 24 + 11*z - z**3 + 5*z**2 - 57 + 26. Determine k(7).
-28
Suppose 0 = -y - n + 4, -n - 4*n = 3*y - 14. Let h be y/(-7) - 72/(-112)*10. Let q(r) = -r**2 + 4*r + 0*r + 5*r - 9. What is q(h)?
9
Let p(m) be the second derivative of 2*m**3/3 + 7*m**2/2 + 21*m - 5. Determine p(4).
23
Let b(s) = s**3 + 3*s**2 - 2*s - 3. Let z be b(-3). Let x(l) be the third derivative of -l**5/60 + l**4/12 - l**3/6 + 47*l**2. Give x(z).
-4
Let u be -14 + (33/9 - 3)*-3. Let i(l) = -l**2 - 17*l - 14. Determine i(u).
2
Suppose 5*p = 3*k - 6, -2 = -5*p - 3*k + 2*k. Suppose p = -15*v + 20*v - 10. Let f(x) = 2*x + 2. Determine f(v).
6
Suppose -5*j + 2*x + 49 = 0, 2*j - 14 + 0 = -2*x. Let z(v) = v**2 - 10*v - 8. Calculate z(j).
-17
Let p(f) = f**3 + 4*f + 6*f**2 - 1 + 5 - 9. Let w(d) = -14*d**2 - d. Let x be w(-1). Let n = x - -9. Give p(n).
11
Let